?
-49
In base 7, what is 5 + 2415?
2423
In base 5, what is 2 - -134?
141
In base 7, what is 1033 + -5?
1025
In base 2, what is 1011110000 - -1?
1011110001
In base 6, what is 2 + -200?
-154
In base 15, what is 261 - 2?
25e
In base 6, what is 1442 - -3?
1445
In base 3, what is 122 + -1?
121
In base 12, what is -751a + 4?
-7516
In base 11, what is 62 - -2?
64
In base 6, what is -4 - 2415?
-2423
In base 10, what is 865 - 2?
863
In base 13, what is 53 + -1b?
35
In base 12, what is -1 + -47?
-48
In base 2, what is 10 - 10001111001?
-10001110111
In base 14, what is 41 - 4?
3b
In base 15, what is c5 - 14?
b1
In base 9, what is 618 - 2?
616
In base 4, what is 2 - 300?
-232
In base 6, what is -1 - 22?
-23
In base 9, what is -1 + -1836?
-1837
In base 3, what is -111 - -2111?
2000
In base 11, what is -1 + 13?
12
In base 12, what is 3 + 1205?
1208
In base 6, what is 55351 + -2?
55345
In base 6, what is -30 - -33?
3
In base 14, what is -12 - -4?
-c
In base 14, what is 10 + d?
1d
In base 2, what is 11 - 101010001?
-101001110
In base 13, what is 7625 + 5?
762a
In base 5, what is -123214 + -1?
-123220
In base 14, what is 67 + -5?
62
In base 14, what is 25 + 1?
26
In base 15, what is 3 - 27?
-24
In base 13, what is c4 - 12?
b2
In base 7, what is -226 + 5?
-221
In base 5, what is 12 - -42?
104
In base 9, what is -22 + -11?
-33
In base 10, what is -2266 - 5?
-2271
In base 5, what is 21 + -141?
-120
In base 3, what is -1 - 2000?
-2001
In base 12, what is -2993 - -4?
-298b
In base 3, what is 20 - 1122?
-1102
In base 7, what is 121 + 0?
121
In base 12, what is -89 - 5?
-92
In base 8, what is 4 + -7?
-3
In base 4, what is -212 + -20?
-232
In base 12, what is 2b - 3?
28
In base 14, what is -30 + -16?
-46
In base 13, what is -3 - 55?
-58
In base 16, what is 0 + -13b?
-13b
In base 12, what is 3 + 190?
193
In base 7, what is -2 - -152?
150
In base 5, what is 413 + -4?
404
In base 3, what is 10 + -22120?
-22110
In base 2, what is 1100 - 1101011100?
-1101010000
In base 14, what is 7d - 2?
7b
In base 2, what is -11010011 - 11?
-11010110
In base 4, what is -210 - -10130?
3320
In base 13, what is -15 - -76?
61
In base 15, what is 1 - -21b?
21c
In base 14, what is 1 + 6a1?
6a2
In base 10, what is -2 - -28?
26
In base 14, what is -1036 - 5?
-103b
In base 8, what is 5 + 257?
264
In base 12, what is 54 + -1?
53
In base 7, what is 0 + -10?
-10
In base 13, what is -a9 + 5?
-a4
In base 3, what is 2 - 110?
-101
In base 6, what is 0 - 2342?
-2342
In base 15, what is 3 - -170?
173
In base 13, what is 303 + -3?
300
In base 11, what is -136 - -7?
-12a
In base 14, what is a81 - -1?
a82
In base 3, what is -212202 + -21?
-220000
In base 5, what is -1140 - 3?
-1143
In base 6, what is 2315 + 5?
2324
In base 13, what is 14 + -248?
-234
In base 14, what is 107 - 17?
d0
In base 5, what is -132 + -2?
-134
In base 4, what is 12 + -231?
-213
In base 4, what is 213 - 12?
201
In base 6, what is 1222 - -4?
1230
In base 2, what is 1111 + 1011?
11010
In base 2, what is -1010101 + 10?
-1010011
In base 2, what is 10010110 + 100?
10011010
In base 10, what is 2541 + -1?
2540
In base 5, what is -10 - 1110?
-1120
In base 7, what is 41 + -1?
40
In base 3, what is 12000 - -1?
12001
In base 15, what is 56a - -14?
57e
In base 2, what is -10100111111 + -10?
-10101000001
In base 4, what is 33 + 20?
113
In base 4, what is -103113 - -2?
-103111
In base 16, what is 25 - 5?
20
In base 16, what is c5 - 2?
c3
In base 16, what is f + -3e?
-2f
In base 3, what is -11220 - 11?
-12001
In base 3, what is -102 - 2?
-111
In base 8, what is 1 - 24?
-23
In base 12, what is -3 - 11?
-14
In base 6, what is 5 + 25?
34
In base 14, what is -a - 7?
-13
In base 12, what is a + 6?
14
In base 7, what is 1020 + -25?
662
In base 11, what is 3 - -9a?
a2
In base 9, what is -11 - -85?
74
In base 11, what is -8981 - 4?
-8985
In base 4, what is -10223 - 10?
-10233
In base 4, what is 11 + -1002?
-331
In base 16, what is 9 + 29?
32
In base 6, what is -3313 + -3?
-3320
In base 10, what is -1 + 922?
921
In base 9, what is 8 - 15?
-6
In base 12, what is -15 - 495?
-4aa
In base 2, what is -100001010110111 + -10?
-100001010111001
In base 12, what is 7 - a36?
-a2b
In base 7, what is -3013 + 36?
-2644
In base 10, what is -30310 + 4?
-30306
In base 5, what is -223342 + 1?
-223341
In base 7, what is -1 + 1000?
666
In base 14, what is -5 + 981?
97a
In base 16, what is f + -1f?
-10
In base 9, what is -204 - -18?
-175
In base 11, what is -2904 - -2?
-2902
In base 3, what is 10221210 - 10?
10221200
In base 15, what is -2bb + 8?
-2b3
In base 13, what is -1a + 20?
3
In base 9, what is -2 + 4020?
4017
In base 11, what is -1 - 1a?
-20
In base 16, what is -6b - 3?
-6e
In base 15, what is 68 - 0?
68
In base 12, what is -1 - -68?
67
In base 9, what is -1220 + -3?
-1223
In base 16, what is -8ce - 4?
-8d2
In base 2, what is -1000 + -101001001?
-101010001
In base 11, what is 5 - 9a?
-95
In base 9, what is 3 - 1700?
-1686
In base 15, what is 27 + -ed?
-c6
In base 7, what is 35 + 365?
433
In base 3, what is 1 + 100?
101
In base 14, what is 31 - -97?
c8
In base 14, what is b + -145?
-138
In base 10, what is -4 + 777?
773
In base 9, what is 3 + 11?
14
In base 12, what is 3 + 613?
616
In base 11, what is 127 + 19?
145
In base 12, what is 128 + 9?
135
In base 11, what is 196 + 0?
196
In base 11, what is aa6 - -2?
aa8
In base 16, what is f + -11?
-2
In base 2, what is 1011 - 11101?
-10010
In base 9, what is 305 - 118?
176
In base 9, what is 5 + 60?
65
In base 2, what is 10110 - 100000011?
-11101101
In base 12, what is 329 - -4?
331
In base 9, what is -4 + -62?
-66
In base 3, what is 20 + 11021?
11111
In base 15, what is 1330 + 2?
1332
In base 12, what is -18 + 3?
-15
In base 10, what is -3 + -3781?
-3784
In base 11, what is 14955 + 0?
14955
In base 10, what is 22 + 2?
24
In base 12, what is -1 + -35?
-36
In base 8, what is 6 + 1563?
1571
In base 14, what is -623 + 4?
-61d
In base 10, what is 2 + 807?
809
In base 8, what is 225 + 27?
254
In base 7, what is 3 - -2012?
2015
In base 7, what is 21 - 36?
-15
In base 3, what is 121000200 + 2?
121000202
In base 10, what is -4 - -266?
262
In base 7, what is -201 + -26?
-230
In base 14, what is 3 - -20?
23
In base 14, what is -6 + 1?
-5
In base 14, what is -70 + -6?
-76
In base 15, what is -9a - 16?
-b1
In base 15, what is -4a - -5?
-45
In base 14, what is -a + 22?
16
In base 3, what is 111 - 11022?
-10211
In base 4, what is -10 + 331?
321
In base 10, what is 0 - 12?
-12
In base 14, what is 9b4 - 3?
9b1
In base 3, what is 10 + -1112210?
-1112200
In base 7, what is -3 - -6?
3
In base 12, what is -7 - 828?
-833
In base 16, what is 2 - 2a?
-28
In base 13, what is 3b21 - 4?
3b1a
In base 13, what is -ac - 4?
-b3
In base 3, what is -2121 - -1?
-2120
In base 4, what is -22 - 133?
-221
In base 9, what is -41 - 78?
-130
In base 9, what is -6 + 30?
23
In base 3, what is 0 + -1110?
-1110
In base 13, what is -96 - -21?
-75
In base 7, what is -2 + -3021?
-3023
In base 5, what is -142 + 211?
14
In base 13, what is -4 + -4?
-8
In base 12, what is b0 + 6?
b6
In base 15, what is -58 - -35?
-23
In base 15, what is 3 - 2c?
-29
In base 11, what is -17 - -107?
a0
In base 11, what is -14 + 82?
69
In base 3, what is -12111 - 1212?
-21100
In base 4, what is -1311 + 10?
-1301
In base 3, what is -2101 + -22?
-2200
In base 8, what is -231 - 122?
-353
In base 3, what is 201 + 20?
221
In base 16, what is -11 - -2c?
1b
In base 4, what is 0 + -230?
-230
In base 9, what is 657 - 0?
657
In base 13, what is -34 + -2?
-36
In base 4, what is -10 - 20?
-30
In base 2, what is 110 + -100011?
-11101
In base 8, what is 3 + -374?
-371
In base 2, what is -10111011 - -10?
-10111001
In base 9, what is -816 - 13?
-830
In base 6, what is 543 + 0?
543
In base 15, what is -4 + -29?
-2d
In base 2, what is 1001101010111001 + 11?
1001101010111100
In base 5, what is 111 + -20?
41
In base 2, what is 11010011001 - -100?
11010011101
In base 13, what is 2 - 72?
-70
In base 15, what is -5 - 180?
-185
In base 5, what is 41 - 14?
22
In base 4, what is 0 - -301?
301
In base 5, what is -14 - 2021?
-2040
In base 2, what is 1000 - -11111?
100111
In base 5, what is 102141 + 10?
102201
In base 10, what is 7 - 521?
-514
In base 9, what is -34 + -488?
-533
In base 12, what is 1 + -a89?
-a88
In base 